q*n. Calculate the highest common factor of n and a.
6
Let w = -99 + 209. What is the greatest common divisor of 10 and w?
10
Let d(u) = 4*u**2 + 4*u + 8. Let h be d(-5). What is the highest common divisor of h and 44?
44
Let k(i) = i**2 - 4*i. Let p be k(6). Let l = 25 - p. What is the highest common divisor of l and 39?
13
Let a(o) be the second derivative of -2*o**3/3 - 3*o**2 + 2*o. Let b be a(-7). Calculate the highest common factor of b and 11.
11
Let p be 2/3 + 34/3. Let y be (62 - (-1 + 2)) + -6 + 5. Calculate the highest common factor of p and y.
12
Suppose 5*n + 20 = 0, -5*x + 5*n = -2*x - 116. Calculate the greatest common divisor of x and 96.
32
Let y = 45 - 17. Suppose -5*d + 0*d = -30. Let m be 16/d*6/4. Calculate the greatest common factor of y and m.
4
Let c(o) = 4*o**2 - 12*o + 24. Let d be c(6). Calculate the highest common divisor of 12 and d.
12
Suppose -3*j - 84 + 216 = 0. Suppose 4*a - j = -5*n, -22 = -a - 4*n - 0*n. Calculate the greatest common divisor of a and 30.
6
Suppose 4*d = 4*n - 80, 3*n + 2*n - 91 = -4*d. Calculate the highest common divisor of 1 and n.
1
Suppose -2*l + h = -2 - 1, -30 = -5*l - 2*h. Suppose n = 5*s - 105, 4*s = -l*n + 94 - 10. Calculate the highest common factor of s and 84.
21
Let o(p) = 3*p - 3*p + 88*p**2. Let r be o(1). Suppose 0 = -3*y + 4*y - r. Calculate the highest common factor of 22 and y.
22
Let b(w) = -3*w - 4. Let p be b(-4). Suppose 0 = 3*n - 0*n + 72. Let t = n + 44. What is the greatest common divisor of p and t?
4
Suppose -g - 8 = 6. Let m(j) = j**3 + 14*j**2 + j + 16. Let h be m(g). Calculate the greatest common factor of h and 14.
2
Suppose -8 = 4*k - 8*k. Calculate the highest common factor of 3 and k.
1
Let y(b) = 31*b + 1. Let i be y(5). Suppose -4*r + 150 = 5*s, -s + i = 4*r + s. Let q be (-1)/2*(-80)/4. What is the highest common divisor of r and q?
10
Let h(b) = -b**3 + 7*b**2 + 8*b + 6. Let d be h(8). Suppose d*a - 5*a - 4 = 0. Let u be (-252)/(-8) - (-2)/4. What is the highest common factor of u and a?
4
Let t be (-163)/(-5) + 16/40 + 0. Calculate the highest common divisor of 264 and t.
33
Suppose 0 = 2*g - 2*t - 34, 6*g - 9*g = 2*t - 61. Calculate the highest common factor of 57 and g.
19
Let d(t) = -t**3 - 9*t**2 - t - 2. Let p be d(-9). Calculate the greatest common divisor of p and 7.
7
Let h(d) = d**2 + 10*d - 11. Let s be h(-8). Suppose -2*w + 1 = -109. Let u = s + w. Calculate the highest common factor of u and 4.
4
Let a(k) = k**3 + 5*k**2 + 4*k + 2. Let d be a(-4). Suppose 0 = -5*i + i - d*z + 184, -i = z - 48. What is the highest common divisor of 11 and i?
11
Let m(v) be the second derivative of v**5/20 + 5*v**4/6 - v**2/2 - 3*v. Let h be m(-6). Calculate the highest common divisor of 13 and h.
13
Let b = 52 + 0. Let f(v) = -19*v + 1. Let w be f(-5). Let r = w - b. Calculate the highest common divisor of 4 and r.
4
Let i be (-9)/(-36) - (-35)/4. Suppose i*a - 20 = 4*a. Let u be 8/6*18/a. Calculate the highest common factor of u and 42.
6
Let x = -10 - -29. What is the greatest common factor of 57 and x?
19
Suppose -4 = -2*x + x. What is the highest common factor of x and 4?
4
Suppose -2*w - 4*a = -7*w + 38, 5*w - 24 = -3*a. Let q be w/(-4)*5*-2. Let k be 1 + 60 + 2 + -3. What is the greatest common factor of k and q?
15
Let v(a) = 5*a**2. Let j be v(3). What is the highest common factor of 9 and j?
9
Suppose -10*d - 5*p = -11*d + 36, d = 2*p + 48. What is the greatest common divisor of d and 7?
7
Let v(l) = 5*l - 7. Let b be v(5). Let f be 2/(-3*(-1)/18). Let j = f + 6. Calculate the greatest common factor of j and b.
18
Let u(n) = -4*n + 6. Let g be u(-6). Calculate the greatest common factor of 12 and g.
6
Let v = 35 - -5. Calculate the greatest common factor of v and 10.
10
Suppose -y = -2*m + 44, m - 40 = -2*m - 5*y. Let a = 3 + -1. Let u be a/9 - 896/(-18). Calculate the highest common divisor of u and m.
10
Let l(b) = -8*b - 15. Let c be l(-12). Calculate the highest common divisor of c and 18.
9
Suppose -9 = 2*x - 49. What is the highest common factor of x and 8?
4
Suppose 104 = 2*s - 46. Let j(g) = g**3 - 3*g**2 - 6*g - 5. Let b be j(5). What is the greatest common factor of b and s?
15
Suppose 2 = -h - 1, 2*h = -4*b + 390. Let o be (-2)/6 - 28/(-3). Calculate the greatest common divisor of o and b.
9
Suppose 4*u - 10 = 3*j + 40, 8 = -4*j. Let i(v) = 2*v**2 - 2*v - 1. Let l be i(-2). What is the highest common factor of l and u?
11
Suppose 2*n + 22 = 4*q, -25 = -5*q + 4*n - 2. Calculate the greatest common divisor of 28 and q.
7
Suppose 5*r = -2*d + 80, 3*r - 3*d - 51 = r. What is the highest common factor of 36 and r?
18
Suppose 2*a - 16 = -5*z, 2*z - 4*z + 13 = 3*a. What is the highest common divisor of a and 48?
3
Let g be -5*(-41 - 4)/3. Suppose -4*u = u - g. Calculate the greatest common divisor of u and 45.
15
Suppose -o = w - 5 - 0, 0 = 3*w - 2*o. Let g be 30/w + 4 + -7. What is the highest common factor of 6 and g?
6
Suppose 0*p = -4*p + 320. Suppose -15 = 5*g, 0 = -l - 6*g + g + 7. Let d = 32 - l. What is the greatest common factor of d and p?
10
Let b(p) = p**2 + 10*p + 8. Let u be b(-10). Let c = 3 - 1. Let g be ((-4)/c)/((-1)/36). What is the greatest common divisor of u and g?
8
Suppose -5*s + z = -95, 2*s + 3*z = 8*z + 15. Calculate the greatest common factor of 4 and s.
4
Let f = -61 + 66. Calculate the highest common divisor of f and 45.
5
Suppose -6*o + 2*o = -24. Let c be 16/o*18/12. What is the greatest common divisor of 8 and c?
4
Let l = 1 - -6. Let i(r) = -5*r + r**2 + 2*r + 6 + 2*r. Let w be i(l). Calculate the highest common factor of w and 6.
6
Suppose 3*n - n - 6 = 0. Calculate the highest common factor of 3 and n.
3
Let q = -66 + 83. What is the highest common factor of q and 85?
17
Let s(g) = -g**2 + 3*g + 21. Let r be s(6). Suppose 2*b - 5 = -h, 0*b = 3*h + 2*b - 23. Calculate the highest common divisor of r and h.
3
Let l(z) = 5*z**2 + z - 2. Let r be l(1). What is the greatest common factor of 28 and r?
4
Let u = -1 - -2. Suppose -40 = -5*x + 80. Suppose 10 + x = 5*t - 3*w, 0 = -2*t + 5*w + 6. Calculate the greatest common divisor of u and t.
1
Let x = -49 - -77. Suppose h - 2*h - 135 = -5*c, -5*c = 5*h - 165. What is the greatest common factor of c and x?
28
Suppose 3*t - 21 = 9. What is the greatest common divisor of 25 and t?
5
Let j(r) = 2*r**2 + r - 3. Let l be j(-3). Calculate the highest common divisor of 24 and l.
12
Let b = 1027 + -578. Suppose 5*h - 455 = 5*s, 3*s - b = -5*h + 2*s. What is the greatest common divisor of 10 and h?
10
Let r(t) = 70*t**2. Let d be r(-2). Let k = -182 + d. Calculate the greatest common factor of 14 and k.
14
Let l = -10 + 13. Calculate the greatest common divisor of 27 and l.
3
Let o(a) = -a**3 - 2*a**2 + 4*a - 1. Let k be o(-4). Suppose 0 = 2*l - 3*l + 15. Calculate the greatest common factor of l and k.
15
Let s = -160 + 232. Let v be (4/(-2))/2 + 10. Suppose 0 = -3*h + v + 15. What is the greatest common divisor of h and s?
8
Let z(s) = s**3 + 7*s**2 - 8*s - 4. Let o be z(-8). Let l be -2 + o + 3 + 33. What is the highest common divisor of 75 and l?
15
Suppose 5 - 2 = -r. Let i be (-3)/6*(-9 - r). Suppose -5*q + i + 7 = 0. Calculate the highest common divisor of 10 and q.
2
Let j = 14 - -19. Calculate the greatest common factor of 11 and j.
11
Suppose -7*j - 4*j = -121. Calculate the greatest common factor of 1 and j.
1
Let z = 0 + 5. Let r(s) = -s**3 + 5*s**2 + s - 3. Let m be r(z). Calculate the highest common factor of 10 and m.
2
Let k(a) be the first derivative of -a**2/2 + a + 2. Let t be k(0). Suppose -w + t = -11. Calculate the highest common divisor of w and 60.
12
Suppose -t - 4*q = t - 12, 0 = -5*t - q + 30. What is the greatest common factor of t and 15?
3
Let m be (6/4)/(9/12). Suppose m*y - 14 = y. What is the greatest common divisor of y and 70?
14
Suppose -10*u + 7*u + 63 = 0. Calculate the greatest common divisor of 84 and u.
21
Let v be 385/14*(-7)/((-35)/18). What is the highest common divisor of v and 9?
9
Suppose 0 = a - 7 + 1. Let z(f) = -2*f**3 + 3*f**2 - a*f + 3 + f**3 + 4*f**2. Let g be z(6). What is the highest common factor of 12 and g?
3
Let h be 132/(-16) + 2/8. Let s = h + 14. What is the greatest common divisor of s and 6?
6
Let o(a) = a**3 